+ 16 - m = 0. What are the prime factors of a?
2
Let s = -24 - -28. List the prime factors of s.
2
Let n(s) = 10*s - s**3 - 3*s + 3 - 7*s**2 - 12. Let v be n(-8). List the prime factors of v - 1/(2/(-20)).
3
Let k = 2 + 0. Suppose -k*n + 93 = n. What are the prime factors of n?
31
Let m = -3 - -34. List the prime factors of m.
31
What are the prime factors of (3/(-3) - -40) + -3?
2, 3
Let c be ((-1)/2)/((-3)/102). Let w = c - 32. Let j = 25 + w. What are the prime factors of j?
2, 5
Let t = 38 + 77. What are the prime factors of t?
5, 23
Let l = -4 + 0. Let v be l/2 + 1*46. Suppose o - 5*o = -v. List the prime factors of o.
11
List the prime factors of -4 - -33 - -3 - 5.
3
Suppose 2*q - 5*q - 472 = -4*y, 0 = -3*y - q + 354. What are the prime factors of y?
2, 59
List the prime factors of ((-2)/5)/(6/(-150)).
2, 5
Suppose -3*g - g + 72 = 0. Suppose -v = -4*s + 53, 0 = s + 4*v - 44 + g. What are the prime factors of s?
2, 7
Suppose 0 = 2*h - 5*h + 6. Suppose -5*r = h + 3. Let u = r + 4. List the prime factors of u.
3
Let o be 0*4/24*3. Let i = 5 + 0. Suppose p + 4*p + 16 = 4*t, 4*t + i*p - 16 = o. What are the prime factors of t?
2
Let h(c) = -c**3 - 7*c**2 + 9*c + 4. Let s be h(-8). Let x = 14 + s. List the prime factors of x.
2, 5
Suppose -2*f - q = -19, -26 = 4*f - 5*f + 5*q. Let z = 6 + f. What are the prime factors of z?
17
Let d(y) = -y**3 - 11*y**2 + 8*y - 14. What are the prime factors of d(-12)?
2, 17
Let d be ((-1)/(-2))/((-5)/(-10)). List the prime factors of d/3 + 174/18.
2, 5
Let u be (-10)/3*(-9)/6. Suppose u*x = x - 56. List the prime factors of (-164)/x - 8/(-28).
2, 3
Let a(f) = 2*f**3 + f**2 - 2*f + 1. List the prime factors of a(1).
2
Suppose f = -0*f - 24. Let g = f + 36. List the prime factors of g.
2, 3
Let u(d) = d**2 - 1. Let n(l) = 3*l**2 - 8*l - 10. Let o(x) = -n(x) + 4*u(x). What are the prime factors of o(-10)?
2, 13
Suppose 3 = -3*q + 108. List the prime factors of q.
5, 7
Suppose 4*p = 33 + 75. What are the prime factors of p?
3
Let n = 68 - 18. Suppose 2*w = 2*f + n, 0 = -0*w - w - 5*f + 1. List the prime factors of w - -1 - (-9 + 12).
19
Suppose 3 = 2*c - c. Let g be c + (0 - (1 - 1)). Suppose -p + g*p - 24 = 0. What are the prime factors of p?
2, 3
Let l(y) = y**2 + 6*y + 3. Let m be l(-6). Suppose 0 = -m*q + 4 + 8. List the prime factors of q.
2
What are the prime factors of 5535/21 - 30/(-70)?
2, 3, 11
Suppose 0 = -g + 5 + 6. Let r be g/(-2)*6/(-3). Let c = r - 8. What are the prime factors of c?
3
Suppose 2*g - 3*v + 4*v = 434, 2*g - 2*v = 446. List the prime factors of g.
3, 73
Let m(l) = -6*l - 2. Let w(x) = x + 1. Let c(v) = m(v) + 4*w(v). List the prime factors of c(-11).
2, 3
Let h be 70 + 0 - (-11 + 7). Let x = h + -45. What are the prime factors of x?
29
Suppose -2*p + 3 = -5, 5*p - 86 = -3*h. Let q = h + -11. What are the prime factors of q?
11
Let s = 12 - 17. Let t(q) = -q - 7. Let z be t(s). List the prime factors of 52/5 - z/(-5).
2, 5
Let b be (-50)/(-6)*(2 - 8). Let a = b - -81. What are the prime factors of a?
31
Let k(d) = -34*d**3 + d. Let t be k(-1). Suppose -3*z + 2*q = z - 136, 0 = z - q - t. Suppose 5*a = 2*i + z, -2*a = 3*a + 3*i - 35. List the prime factors of a.
7
Suppose -a = -2*a. Let r be a - ((-3)/1)/(-3). What are the prime factors of (r - 0)/(8/(-144))?
2, 3
List the prime factors of 3*(-20)/24*-16.
2, 5
Let r = -4 - -29. What are the prime factors of r?
5
Let r(y) be the second derivative of 0 - 2*y + 8*y**2 - 1/12*y**4 - 1/6*y**3. What are the prime factors of r(0)?
2
Suppose -1 + 5 = -d. Let i(z) be the third derivative of z**5/30 + 5*z**4/24 + z**3/6 - z**2. List the prime factors of i(d).
13
Suppose -4*a + 3*t = -12, -a + 4*t + 1 + 2 = 0. Suppose -a*f + 7 = -2*f. Let h = f + 4. List the prime factors of h.
11
Suppose 328 = 5*l + 8. List the prime factors of l.
2
Suppose -5*q = 10 - 105. What are the prime factors of (-2 - 0 - -3)*q?
19
Let w = 242 + -118. List the prime factors of w.
2, 31
Suppose 0 = -m + 5*u + 1, 3*u = 0. Let q = m + 2. What are the prime factors of q?
3
Suppose 2*d = 4*d - 22. What are the prime factors of d?
11
Let o(x) = x**3 + 11*x**2 - 3*x + 4. List the prime factors of o(-11).
37
Let b(j) = 4*j. Let o be b(1). Suppose 10 = 2*x + o. Suppose -u + x*m - 1 = -11, 5*u + 4*m = 31. List the prime factors of u.
7
Let g(r) = r**3 + 6*r**2 - 7*r + 1. Let k be g(-7). Let b = k + 1. Suppose 4*u = 12, -h - h + 2*u = b. List the prime factors of h.
2
List the prime factors of (1 + -11)/((-4)/14).
5, 7
Let c = 389 + -270. What are the prime factors of c?
7, 17
Let s(h) = h**2 - h - 2. Let x be s(3). Let a(k) = -3*k. Let u be a(-1). Suppose u + x = z. List the prime factors of z.
7
Let k = 3 - 5. Suppose -3*i = y + 24, 3*i - i + 16 = -2*y. What are the prime factors of 0 + k/(-2) - i?
3
Suppose 4 - 1 = -3*a. Let w = -4 - a. Let z = 10 - w. List the prime factors of z.
13
Suppose -5*c - 20 = 5*l, 3*l + 4*c + 12 = 5*c. Let v(r) = r**2 + 4*r + 3. Let n be v(l). Let t = n + 0. What are the prime factors of t?
3
Suppose 3*z - z - 2*i = 300, -5*z + 790 = 3*i. Suppose x = 3*r - 93, r + 4*r - z = -5*x. What are the prime factors of r?
31
Let s(y) = y**2 - 13*y + 11. Let m be s(11). Let k(u) = 12*u**2 + 9*u + u**3 - 6 + 0*u**3 - 2. What are the prime factors of k(m)?
2, 7
Suppose 0 = -z - c - c - 7, -3*z - 2*c - 9 = 0. Let f be z + 8/((-6)/(-3)). Suppose 4*g = f + 37. List the prime factors of g.
2, 5
Suppose -3*d - 3*f = -90, -90 + 5 = -4*d + 3*f. List the prime factors of d.
5
Suppose 7*n - 13*n = -102. What are the prime factors of n?
17
What are the prime factors of ((-1)/(-2))/(4/304)?
2, 19
Let k = 24 - 18. What are the prime factors of k?
2, 3
Suppose -5*x + x + 8 = 0. Suppose x*y = 3*y - 26. List the prime factors of y.
2, 13
Let c = 6 - 2. Suppose -3*g - t - 10 = g, -2*g - t - c = 0. What are the prime factors of (27/15)/(g/(-10))?
2, 3
Let a = -6 - -9. Suppose -a*h + 21 = -27. What are the prime factors of h?
2
Suppose -4*s + s + 15 = 0. What are the prime factors of (-2453)/(-55) - (-2)/s?
3, 5
Let m(a) = a**2 - 3*a - 8. Let b(s) = -2*s - 5. Let g be b(-6). Let o be m(g). Suppose -2*k - o = -4*k. List the prime factors of k.
2, 5
Let q(c) = -c**2 + 5*c. Let k be q(7). Let t = k - -31. Suppose 0 = -3*h + r + 13, -h + t - 1 = 2*r. List the prime factors of h.
2, 3
Suppose 2*c + 6 + 2 = 2*w, 4*c - 8 = 0. Suppose 3*y + 51 = w*y. What are the prime factors of y?
17
Let g(m) = 2*m**2 + 9*m + 4. Let y(f) = 3*f**2 + 10*f + 4. Let i(o) = -5*g(o) + 4*y(o). What are the prime factors of i(-3)?
29
Let d = -14 - -16. List the prime factors of d.
2
Suppose -s + 0*y - 2*y = -27, 0 = 5*s - 2*y - 99. Let o = s + -7. What are the prime factors of o?
2, 7
Let t = 44 + 8. List the prime factors of t.
2, 13
Let g(m) = -m**2 - 2*m + 3. Let h be g(-3). Suppose 3*p + 2*p - 10 = h. Suppose -b + 0*b + 2 = -5*c, 4*b + p*c - 52 = 0. What are the prime factors of b?
2, 3
Suppose 9 = -f - 11. Let z be f/(-15)*3*1. Let d(a) = 3*a - 6. List the prime factors of d(z).
2, 3
Suppose 4*v + 5*i - 70 = 0, -5*v + 5*i = i - 67. List the prime factors of (v/(-4))/((-2)/8).
3, 5
Let f = 4 + -2. List the prime factors of (-3 + (0 - -25))/f.
11
Suppose -3*c + 3*a - 462 = -8*c, -5*a = c - 88. What are the prime factors of c?
3, 31
Let g(z) = -z**3 + 4*z**2 + 5*z - 1. Let n be (-10 - -5)*(-4)/5. List the prime factors of g(n).
19
Suppose -6*s + s = 40. Let d = -5 - s. What are the prime factors of d?
3
Suppose -6*k + 4 = -4*k. List the prime factors of k/6 - 46/(-6).
2
Suppose -2*d - 4 = -4*d + 4*s, 2*s = 2*d - 2. Suppose 5*m - u - 196 = d, 4*u + 41 + 2 = m. List the prime factors of m.
3, 13
Let u(v) = v**2 + 24*v - 35. What are the prime factors of u(-27)?
2, 23
Suppose 0 = j + 3*j. What are the prime factors of (-3 - j) + 12 + -3?
2, 3
Suppose -2 = -5*l + 4*y, 4*l - 2*y - 4 = -0*l. Let f = 8 + 12. Suppose -3*j + f = l. List the prime factors of j.
2, 3
List the prime factors of (-1)/(-1*4/96).
2, 3
Suppose -4*y + 2*v = -40, -v + 6*v = -4*y + 26. List the prime factors of 17/2 - y/6.
7
Let d(f) = 2*f**2 - 6*f - 7. Let w = 15 - 10. List the prime factors of d(w).
13
Let c = 12 + -9. Let w = c + 1. List the prime factors of w.
2
What are the prime factors of 2941/153 + 4/(-18)?
19
Let b = 250 - 136. What 